et f(j) = 4*j + 2. Let m(x) = -2*x - 1. Let i(p) = l*m(p) - 4*f(p). Give i(-2).
3
Let c be (7/7)/((-2)/22). Let b = c + 17. Let i(z) = -z**2 + 4*z + 8. Determine i(b).
-4
Let z be 1 - 2 - (-4 + -4). Let j(v) = v - 9. Let u be j(z). Let w(g) = 6*g + 2. Calculate w(u).
-10
Let y(b) = 3*b**2. Let n be 2 + -1 - 0 - -5. Let q be ((-2)/n)/((-11)/33). Calculate y(q).
3
Let u be 12 - 0*2/(-4). Suppose a = -2*b - 4*a - u, -4*b = a + 6. Let m(j) = -3*j**2 + j + 1. Give m(b).
-3
Let u be (1 - -1)/4*34. Suppose 2*r - 5*p - 3 = 0, -2*r = -2*p + 7*p - 13. Suppose -3*m + u = 2*c, -r - 22 = -c - 5*m. Let j(d) = 10*d. Calculate j(c).
10
Let i(m) = -2*m**3 + 6*m**3 + 11*m**2 - m**3 - 4*m**3 - 8*m. What is i(10)?
20
Let w(m) be the first derivative of -11*m**4/4 - m**3/3 + m**2/2 - m - 6. Let v = 43 + -42. Give w(v).
-12
Let l(p) = -1 + 6*p + 6 + 0*p**2 + p**2. Let t(n) = -n**2 + 27*n - 4. Let b be t(27). Calculate l(b).
-3
Suppose 4*t - 1 + 13 = 0. Let g(i) be the second derivative of i**4/12 + 5*i**3/6 - 3*i**2/2 + i. Determine g(t).
-9
Let o(p) = -7 + p - 2*p - 2*p. Give o(-6).
11
Let q be -3 + (-6)/4*-2. Let l(o) = 1 + o**3 + q - 6*o**2 - 26*o + 18*o. Determine l(7).
-6
Let q(m) = -m**2 - 5*m. Let u = -33 + 29. Determine q(u).
4
Let y(b) = b**3 - b**2 - b. Let k = 9 + -4. Let l(r) = -6*r**3 + 7*r**2 + 5*r + 1. Let d(g) = k*y(g) + l(g). Calculate d(3).
-8
Let v(a) = 2*a + 4. Let y(i) = -i**2 + i - 1. Let z = 5 - 4. Let f be y(z). Let s be 2 + -1 + f + -3. Calculate v(s).
-2
Let r(o) be the second derivative of -o**3/6 - o. Let t be r(-1). Let x(w) = 7*w**2 - 2*w**2 - w + 2*w. What is x(t)?
6
Let l be 0 + 12/((-1)/(-1)). Let k = -7 + l. Let b(c) = -c**3 + 6*c**2 - 6*c. Calculate b(k).
-5
Let v(t) = -t + 4. Let z = 0 - -3. Let c(g) be the second derivative of -g**4/12 + 2*g**3/3 + g**2/2 + 2*g. Let y be c(z). What is v(y)?
0
Let t(a) = 2*a - 4*a**2 + 13 + 3*a**3 - a - 10 - 5*a**3. Determine t(-3).
18
Let v(f) be the second derivative of -1/3*f**3 - f**2 + 3*f + 0. Calculate v(-6).
10
Let p(j) = -8*j**2 - 5*j**3 - j**2 + 9*j**2. Calculate p(1).
-5
Let x(p) = 7 - 1 + 73*p - 40*p - 35*p. Calculate x(7).
-8
Let v(g) = 5*g - 2. Suppose 0 = -8*w + 5*w - 48. Let o be (-6)/4*w/6. Determine v(o).
18
Suppose -8*p + 12*p = -36. Let r(s) = s + 6. Calculate r(p).
-3
Let b(o) = 3*o - 1. Let i be b(-5). Let f = i + 36. Suppose -4*r - m - 13 = 0, -3*r + 4 = 2*m + f. Let a(u) = 2*u**3 + 2*u**2 - 2*u - 2. Determine a(r).
-6
Let j(b) be the second derivative of -3*b + 1/12*b**4 + 0*b**3 + 0 - 1/20*b**5 - 1/2*b**2. Let s(u) = -u - 6. Let w be s(-5). Calculate j(w).
1
Let b(t) = -t. Let i(a) = 21*a - 1. Let k(s) = -2*b(s) - i(s). Give k(1).
-18
Let t(p) = 498*p**2 - 501*p**2 + 1 + 4*p + 0. Give t(3).
-14
Let i(r) = -4*r - 4. Let y be (-1)/(-3)*-3 + -3. Give i(y).
12
Suppose 3*t - 19 = 2*t + 4*f, t - 5*f - 23 = 0. Let w(x) = -x**2 + x + 4. Give w(t).
-2
Let f(u) = -1. Let r = -10 + 5. Let x(k) = -k + 12. Let w(b) = r*f(b) - x(b). Determine w(6).
-1
Let o(p) = -2*p**2 - 2. Let l = -45 - -43. What is o(l)?
-10
Let p be -2*((0 - -1) + -6). Suppose -5*t = -5 - p. Let y(o) = -o**3 + 2*o**2 + o + 1. Give y(t).
-5
Suppose d - 7 = -5*w, -4*d + 9 = 4*w - 3. Let b(z) be the second derivative of 4*z**d + 3*z + 0 + 1/6*z**3. Give b(-6).
2
Suppose -5*a = -a, 2*a - 15 = 5*w. Let t(n) = -n**3 - 3*n**2 + 2*n - 1. Give t(w).
-7
Let b(l) = -l. Let j(o) = -5*o + 2. Let r(d) = 4*b(d) - j(d). Suppose 0 = 5*k - 13*k. Let q be r(k). Let w(f) = -4*f - 1. Give w(q).
7
Let q(r) = r + 4. Let j(z) = -z - 1. Let u be j(-1). Determine q(u).
4
Let k(x) = x**2 + 2*x - 3. Let z be k(-3). Let y(l) be the third derivative of -l**5/60 - l**4/24 + 5*l**3/6 + 51*l**2. Determine y(z).
5
Suppose 0 = f - 4*f + 9. Let m(s) = -s**f + 0*s**2 + 6 - 6 + 4 - 3*s - 4*s**2. Give m(-3).
4
Let l(g) = -g**3 + 5*g**2 + 8*g - 6. Suppose -3*v - 19 = 2*s, 3*v + 6*s = s - 34. Let w(a) = 2*a**2 + 4*a. Let k be w(v). Calculate l(k).
6
Let q be (-12)/16*(-1 + -3). Let d(c) = 5 - 6*c + q + c**2 - 2 - 2. Determine d(6).
4
Suppose 3*q + 0 = 33. Let b be (-3 + -3)*(1 - 2). Let y = b - q. Let m(r) = -r**3 - 5*r**2 + 1. Determine m(y).
1
Let v = -13 + 6. Let n(a) = -8*a**2 - 6*a - 15. Let s(b) = -6*b - 5*b**2 + 0*b**2 - 14 - 2*b**2. Let z(p) = v*s(p) + 6*n(p). Calculate z(-6).
8
Let a(y) = -3*y + 2. Suppose -2*m - 7 = -35. Let t be 2/4 - m/4. Give a(t).
11
Let o(s) = -s - 5. Let v = 47 + -27. Suppose -2*b = -7*b + i - v, 5*i = 0. Determine o(b).
-1
Let z(b) = -b**3 + 4*b**2 - 2*b + 2. Let i be 3 - 4 - -7 - 3. Calculate z(i).
5
Let s(f) = 2*f - 6. Let k be s(6). Let z be ((-9)/k)/((-9)/(-24)). Let a(r) = 5 - r**3 - 3*r**2 - 2*r - 2*r**2 - 1. Determine a(z).
-4
Let t(h) = h**2 - 4*h - 5. Suppose r + 4*k = -0*r + 18, 5*r - 27 = k. What is t(r)?
7
Suppose -a = -4 - 1. Let s(j) = -a - 2*j + 4 + j + 0*j. What is s(-3)?
2
Let r(g) = g**2 + 7*g + 3. Let l be ((-1)/(-3))/(1/(-12)). Give r(l).
-9
Let r = 4 - 3. Let l(d) = -r + 2 - d - 3 + 3. Calculate l(0).
1
Let s(i) = -i + 3. Suppose -3*y + 15 = -3. Let n = y - 9. What is s(n)?
6
Let r(n) = n - 9. Let u be r(11). Let x = -2 + 4. Let v(m) = 0 + 5*m - u + 0 + m**x. Give v(-5).
-2
Suppose -3*r - 3*w = 2*r + 3, 5*r - 1 = w. Let y(t) = -3 + 0*t**2 + t + r + 0 + t**2. Determine y(0).
-3
Suppose -12 = -3*z - 0*z. Let g = -1 - z. Let p(o) be the third derivative of o**4/24 + o**3/2 + 3*o**2. What is p(g)?
-2
Let k(l) = 7*l + 2. Let q(n) = -3*n - 1. Let a(v) = -2*k(v) - 5*q(v). Let m be -1 - -2*(-2)/(-1). Determine a(m).
4
Let y be (-85)/(-25) - (-4)/(-10). Let w(c) = -c - 1 + 2*c - 2*c + y*c. Give w(3).
5
Let k(g) be the second derivative of 0 + 0*g**4 - 1/20*g**5 + 3/2*g**2 - 3*g + 1/6*g**3. Let n be k(0). Let y(f) = -2*f**2 + 3*f + 4. What is y(n)?
-5
Let l(k) = k - 8. Suppose 11*y + 3*y - 84 = 0. Calculate l(y).
-2
Let u = -4 - -7. Let t = 2 - 2. Suppose u*v - 16 + 4 = t. Let g(p) = p**2 - 4*p - 2. Determine g(v).
-2
Let q(j) be the first derivative of 0*j**2 + j**3 + 0*j - 7/120*j**5 - 1/24*j**4 + 1. Let a(v) be the third derivative of q(v). Give a(1).
-8
Suppose -3*o - 4*u = 2, 4*u + 6 + 12 = 5*o. Let g(v) be the second derivative of 1/2*v**o - 1/12*v**4 - 2*v + 0 + 0*v**3. Give g(3).
-8
Let n = 12 + -9. Suppose 3*x - 3*r = -r + 31, -n*r = 2*x + 1. Let h(o) = -1 - 2 + 3*o - x - 4*o. Determine h(0).
-10
Let q = 21 - 19. Let s(y) be the first derivative of 5/2*y**q - 1 + 0*y. Calculate s(2).
10
Let q(s) = 0 - 6 - 3*s + 5*s. Suppose -4*g = -3*c - 0*g + 4, -5*c + 18 = -g. Give q(c).
2
Let s(p) = -5*p**2 - 23*p + 4. Let c(a) = -3*a**2 - 13*a + 2. Let t(i) = -7*c(i) + 4*s(i). Let l = -3 - -1. Calculate t(l).
8
Let y(n) = n**2 + n - 1. Suppose 0 = 7*v - 9*v + 6. What is y(v)?
11
Let l(v) = 2*v + 1. Let x(z) = z + 1. Let j be 8/(-10)*10/(-4). Let b(n) = j*l(n) - 5*x(n). Give b(-4).
1
Let q(k) = -k**3 - 6*k**2 + 7*k - 3. Let c be (-1152)/160 + (-2)/(-10). Calculate q(c).
-3
Let q(i) be the first derivative of 1/3*i**3 + 3*i - 3*i**2 + 6. Determine q(6).
3
Let i(p) = -p**2 + 12*p - 11. Let o(f) = f**2 - 3*f + 8. Let t be o(3). Calculate i(t).
21
Let h(v) = -8 + 8 - 4*v**2 - v**2 + v**3. Determine h(5).
0
Suppose 0 = -3*m - 7 + 1. Let y be 12/(-9)*3/m. Let t(k) = -4*k**2 + 0*k - k - 1 + 0*k**y. Calculate t(-1).
-4
Suppose 25 = 5*i - w, 15 = i + 2*i + 2*w. Let q(b) = b**3 - 4*b**2 - 3*b + 2. Determine q(i).
12
Suppose 8*y - 18 = 5*y. Let z(c) = c - 1. What is z(y)?
5
Let f(c) = 5 + 6*c - 8*c + c. What is f(4)?
1
Let f be (14/6)/((-2)/(-6)). Let g(n) = -3*n - 4*n - 9*n - 2*n + 19*n. Determine g(f).
7
Let b be (3 - 1)/(-1) - -2. Suppose -2*r + b + 2 = 0. Let o(m) be the third derivative of -m**6/30 + m**4/12 - m**3/6 - 5*m**2. Calculate o(r).
-3
Let w(o) = o**3 - 4*o**2 + 4*o - 2. Suppose -13 + 1 = 2*r. Let s(m) = -m - 1. Let u be s(r). Suppose -2*a - 4*v = -5*a - 2, -a - 8 = -u*v. Calculate w(a).
-2
Suppose -5*t = -15, t = 4*l - 0*t - 9. Suppose 17 = -l*v - 1. Let k(j) = j**3 + 6*j**2 - j - 7. Give k(v).
-1
Let c = 1 - 1. Let k(u) = -3*u - 1 + c - u - u**2 + 2*u**2. Determine k(4).
-1
Let j(l) = 15*l**2 + 7*l - 3. Let v(c) = 29*c**2 + 13*c - 7. Let g(u) = 11*j(u) - 6*v(u). Let b(t) = 5*t**2 - 5. Let q(n) = -5*b(n) - 3*g(n). Calculate q(-3).
7
Let m(i) = -2*i - 5. Suppose 0 = -3*l + x, -2*l - 2*x + 13 = -7*x. Let g(z